{"id":2,"date":"2011-03-09T15:55:49","date_gmt":"2011-03-09T14:55:49","guid":{"rendered":"http:\/\/www.biciklisticki-klub-slatina.hr\/?page_id=2"},"modified":"2011-06-06T15:18:40","modified_gmt":"2011-06-06T14:18:40","slug":"o-nama","status":"publish","type":"page","link":"https:\/\/www.biciklisticki-klub-slatina.hr\/?page_id=2","title":{"rendered":"O nama"},"content":{"rendered":"<p style=\"text-align: justify;\">Biciklisticki klub Slatina osnovan je 2002. godine. Danas ima oko 40 \u010dlanova razli\u010ditih dobnih skupina, od djece osnovno\u0161kolskog uzrasta,\u00a0 srednjo\u0161kolaca, studenata i gra\u0111ana, zaljubljenika u pedaliranje, prirodu i zdrav \u017eivot. Okolica Slatine, pitomi bre\u017euljci podpapu\u010dkog kraja idealne su staze za bicikliranje, odr\u017eavanje kondicije i zdravlja i svakim danom sve ve\u0107i broj Slatina\u010dana izabire bicikliranje za rekreativnu aktivnost i upotpunjavanje svoga slobodnog vremena.<br \/>\nOd 2011. godine klub se uklju\u010dio u natjecanje Slavonske brdsko biciklisti\u010dke lige pa je uz zdravstveno-rekreacijsku komponentu dodao jo\u0161 i natjecateljsku.<\/p>\n<p>Biciklisti\u010dki klub Slatina u organizacijskom ustrojstvu podijeljen je u tri sekcije:<\/p>\n<ol>\n<li>brdsku,<\/li>\n<li>cestovnu i<\/li>\n<li style=\"text-align: left;\">rekreativnu<\/li>\n<\/ol>\n<p style=\"text-align: justify;\">Sjedi\u0161te kluba je u Slatini, Bra\u0107e Radi\u0107a 13. u zgradi nevladinih organizacija (Crveni kri\u017e). Svake srijede od 19:30 odr\u017eavaju se redoviti sastanci na kojima se sukladno terminskom planu realizira program rada i rje\u0161ava teku\u0107a problematika.<\/p>\n<p style=\"text-align: justify;\">Svaki se \u017eitelj Slatine (Hrvatske) u klub mo\u017ee u\u010dlaniti uz prethodno popunjavanje pristupnice i pla\u0107anja godi\u0161nje \u010dlanarine koja za zaposlene iznosi 100,00 kuna a za u\u010denike, studente i nezapolene gra\u0111ane 50,00 kuna. Naravno, uz prihva\u0107anje op\u0107ih akata Udruge (Statuta i pravilnika).<\/p>\n<p>Fotografije s na\u0161ih sastanaka:<\/p>\n<p style=\"text-align: center;\"><!-- default-view.php -->\n<div\n\tclass=\"ngg-galleryoverview default-view \n\t ngg-ajax-pagination-none\t\"\n\tid=\"ngg-gallery-0194e40eb67fe0fa302cf86401ba7808-1\">\n\n\t\t<!-- Thumbnails -->\n\t\t\t\t<div id=\"ngg-image-0\" class=\"ngg-gallery-thumbnail-box \n\t\t\t\t\t\t\t\t\t\t\t\" \n\t\t\t>\n\t\t\t\t\t\t<div class=\"ngg-gallery-thumbnail\">\n\t\t\t<a href=\"https:\/\/www.biciklisticki-klub-slatina.hr\/wp-content\/gallery\/2011_sastanci\/001.jpg\"\n\t\t\t\ttitle=\"\"\n\t\t\t\tdata-src=\"https:\/\/www.biciklisticki-klub-slatina.hr\/wp-content\/gallery\/2011_sastanci\/001.jpg\"\n\t\t\t\tdata-thumbnail=\"https:\/\/www.biciklisticki-klub-slatina.hr\/wp-content\/gallery\/2011_sastanci\/thumbs\/thumbs_001.jpg\"\n\t\t\t\tdata-image-id=\"24\"\n\t\t\t\tdata-title=\"001\"\n\t\t\t\tdata-description=\"\"\n\t\t\t\tdata-image-slug=\"001\"\n\t\t\t\tclass=\"shutterset_0194e40eb67fe0fa302cf86401ba7808\">\n\t\t\t\t<img\n\t\t\t\t\ttitle=\"001\"\n\t\t\t\t\talt=\"001\"\n\t\t\t\t\tsrc=\"https:\/\/www.biciklisticki-klub-slatina.hr\/wp-content\/gallery\/2011_sastanci\/thumbs\/thumbs_001.jpg\"\n\t\t\t\t\twidth=\"100\"\n\t\t\t\t\theight=\"75\"\n\t\t\t\t\tstyle=\"max-width:100%;\"\n\t\t\t\t\/>\n\t\t\t<\/a>\n\t\t<\/div>\n\t\t\t\t\t\t\t<\/div> \n\t\t\t\n\t\t\t\t<div id=\"ngg-image-1\" class=\"ngg-gallery-thumbnail-box \n\t\t\t\t\t\t\t\t\t\t\t\" \n\t\t\t>\n\t\t\t\t\t\t<div class=\"ngg-gallery-thumbnail\">\n\t\t\t<a href=\"https:\/\/www.biciklisticki-klub-slatina.hr\/wp-content\/gallery\/2011_sastanci\/002.jpg\"\n\t\t\t\ttitle=\"\"\n\t\t\t\tdata-src=\"https:\/\/www.biciklisticki-klub-slatina.hr\/wp-content\/gallery\/2011_sastanci\/002.jpg\"\n\t\t\t\tdata-thumbnail=\"https:\/\/www.biciklisticki-klub-slatina.hr\/wp-content\/gallery\/2011_sastanci\/thumbs\/thumbs_002.jpg\"\n\t\t\t\tdata-image-id=\"25\"\n\t\t\t\tdata-title=\"002\"\n\t\t\t\tdata-description=\"\"\n\t\t\t\tdata-image-slug=\"002\"\n\t\t\t\tclass=\"shutterset_0194e40eb67fe0fa302cf86401ba7808\">\n\t\t\t\t<img\n\t\t\t\t\ttitle=\"002\"\n\t\t\t\t\talt=\"002\"\n\t\t\t\t\tsrc=\"https:\/\/www.biciklisticki-klub-slatina.hr\/wp-content\/gallery\/2011_sastanci\/thumbs\/thumbs_002.jpg\"\n\t\t\t\t\twidth=\"100\"\n\t\t\t\t\theight=\"75\"\n\t\t\t\t\tstyle=\"max-width:100%;\"\n\t\t\t\t\/>\n\t\t\t<\/a>\n\t\t<\/div>\n\t\t\t\t\t\t\t<\/div> \n\t\t\t\n\t\t\t\t<div id=\"ngg-image-2\" class=\"ngg-gallery-thumbnail-box \n\t\t\t\t\t\t\t\t\t\t\t\" \n\t\t\t>\n\t\t\t\t\t\t<div class=\"ngg-gallery-thumbnail\">\n\t\t\t<a href=\"https:\/\/www.biciklisticki-klub-slatina.hr\/wp-content\/gallery\/2011_sastanci\/003.jpg\"\n\t\t\t\ttitle=\"\"\n\t\t\t\tdata-src=\"https:\/\/www.biciklisticki-klub-slatina.hr\/wp-content\/gallery\/2011_sastanci\/003.jpg\"\n\t\t\t\tdata-thumbnail=\"https:\/\/www.biciklisticki-klub-slatina.hr\/wp-content\/gallery\/2011_sastanci\/thumbs\/thumbs_003.jpg\"\n\t\t\t\tdata-image-id=\"26\"\n\t\t\t\tdata-title=\"003\"\n\t\t\t\tdata-description=\"\"\n\t\t\t\tdata-image-slug=\"003\"\n\t\t\t\tclass=\"shutterset_0194e40eb67fe0fa302cf86401ba7808\">\n\t\t\t\t<img\n\t\t\t\t\ttitle=\"003\"\n\t\t\t\t\talt=\"003\"\n\t\t\t\t\tsrc=\"https:\/\/www.biciklisticki-klub-slatina.hr\/wp-content\/gallery\/2011_sastanci\/thumbs\/thumbs_003.jpg\"\n\t\t\t\t\twidth=\"100\"\n\t\t\t\t\theight=\"75\"\n\t\t\t\t\tstyle=\"max-width:100%;\"\n\t\t\t\t\/>\n\t\t\t<\/a>\n\t\t<\/div>\n\t\t\t\t\t\t\t<\/div> \n\t\t\t\n\t\t\t\t<div id=\"ngg-image-3\" class=\"ngg-gallery-thumbnail-box \n\t\t\t\t\t\t\t\t\t\t\t\" \n\t\t\t>\n\t\t\t\t\t\t<div class=\"ngg-gallery-thumbnail\">\n\t\t\t<a href=\"https:\/\/www.biciklisticki-klub-slatina.hr\/wp-content\/gallery\/2011_sastanci\/004.jpg\"\n\t\t\t\ttitle=\"\"\n\t\t\t\tdata-src=\"https:\/\/www.biciklisticki-klub-slatina.hr\/wp-content\/gallery\/2011_sastanci\/004.jpg\"\n\t\t\t\tdata-thumbnail=\"https:\/\/www.biciklisticki-klub-slatina.hr\/wp-content\/gallery\/2011_sastanci\/thumbs\/thumbs_004.jpg\"\n\t\t\t\tdata-image-id=\"27\"\n\t\t\t\tdata-title=\"004\"\n\t\t\t\tdata-description=\"\"\n\t\t\t\tdata-image-slug=\"004\"\n\t\t\t\tclass=\"shutterset_0194e40eb67fe0fa302cf86401ba7808\">\n\t\t\t\t<img\n\t\t\t\t\ttitle=\"004\"\n\t\t\t\t\talt=\"004\"\n\t\t\t\t\tsrc=\"https:\/\/www.biciklisticki-klub-slatina.hr\/wp-content\/gallery\/2011_sastanci\/thumbs\/thumbs_004.jpg\"\n\t\t\t\t\twidth=\"100\"\n\t\t\t\t\theight=\"75\"\n\t\t\t\t\tstyle=\"max-width:100%;\"\n\t\t\t\t\/>\n\t\t\t<\/a>\n\t\t<\/div>\n\t\t\t\t\t\t\t<\/div> \n\t\t\t\n\t\t\t\t<div id=\"ngg-image-4\" class=\"ngg-gallery-thumbnail-box \n\t\t\t\t\t\t\t\t\t\t\t\" \n\t\t\t>\n\t\t\t\t\t\t<div class=\"ngg-gallery-thumbnail\">\n\t\t\t<a href=\"https:\/\/www.biciklisticki-klub-slatina.hr\/wp-content\/gallery\/2011_sastanci\/005.jpg\"\n\t\t\t\ttitle=\"\"\n\t\t\t\tdata-src=\"https:\/\/www.biciklisticki-klub-slatina.hr\/wp-content\/gallery\/2011_sastanci\/005.jpg\"\n\t\t\t\tdata-thumbnail=\"https:\/\/www.biciklisticki-klub-slatina.hr\/wp-content\/gallery\/2011_sastanci\/thumbs\/thumbs_005.jpg\"\n\t\t\t\tdata-image-id=\"28\"\n\t\t\t\tdata-title=\"005\"\n\t\t\t\tdata-description=\"\"\n\t\t\t\tdata-image-slug=\"005\"\n\t\t\t\tclass=\"shutterset_0194e40eb67fe0fa302cf86401ba7808\">\n\t\t\t\t<img\n\t\t\t\t\ttitle=\"005\"\n\t\t\t\t\talt=\"005\"\n\t\t\t\t\tsrc=\"https:\/\/www.biciklisticki-klub-slatina.hr\/wp-content\/gallery\/2011_sastanci\/thumbs\/thumbs_005.jpg\"\n\t\t\t\t\twidth=\"100\"\n\t\t\t\t\theight=\"75\"\n\t\t\t\t\tstyle=\"max-width:100%;\"\n\t\t\t\t\/>\n\t\t\t<\/a>\n\t\t<\/div>\n\t\t\t\t\t\t\t<\/div> \n\t\t\t\n\t\t\t\t<div id=\"ngg-image-5\" class=\"ngg-gallery-thumbnail-box \n\t\t\t\t\t\t\t\t\t\t\t\" \n\t\t\t>\n\t\t\t\t\t\t<div class=\"ngg-gallery-thumbnail\">\n\t\t\t<a href=\"https:\/\/www.biciklisticki-klub-slatina.hr\/wp-content\/gallery\/2011_sastanci\/006.jpg\"\n\t\t\t\ttitle=\"\"\n\t\t\t\tdata-src=\"https:\/\/www.biciklisticki-klub-slatina.hr\/wp-content\/gallery\/2011_sastanci\/006.jpg\"\n\t\t\t\tdata-thumbnail=\"https:\/\/www.biciklisticki-klub-slatina.hr\/wp-content\/gallery\/2011_sastanci\/thumbs\/thumbs_006.jpg\"\n\t\t\t\tdata-image-id=\"29\"\n\t\t\t\tdata-title=\"006\"\n\t\t\t\tdata-description=\"\"\n\t\t\t\tdata-image-slug=\"006\"\n\t\t\t\tclass=\"shutterset_0194e40eb67fe0fa302cf86401ba7808\">\n\t\t\t\t<img\n\t\t\t\t\ttitle=\"006\"\n\t\t\t\t\talt=\"006\"\n\t\t\t\t\tsrc=\"https:\/\/www.biciklisticki-klub-slatina.hr\/wp-content\/gallery\/2011_sastanci\/thumbs\/thumbs_006.jpg\"\n\t\t\t\t\twidth=\"100\"\n\t\t\t\t\theight=\"75\"\n\t\t\t\t\tstyle=\"max-width:100%;\"\n\t\t\t\t\/>\n\t\t\t<\/a>\n\t\t<\/div>\n\t\t\t\t\t\t\t<\/div> \n\t\t\t\n\t\t\t\t<div id=\"ngg-image-6\" class=\"ngg-gallery-thumbnail-box \n\t\t\t\t\t\t\t\t\t\t\t\" \n\t\t\t>\n\t\t\t\t\t\t<div class=\"ngg-gallery-thumbnail\">\n\t\t\t<a href=\"https:\/\/www.biciklisticki-klub-slatina.hr\/wp-content\/gallery\/2011_sastanci\/007.jpg\"\n\t\t\t\ttitle=\"\"\n\t\t\t\tdata-src=\"https:\/\/www.biciklisticki-klub-slatina.hr\/wp-content\/gallery\/2011_sastanci\/007.jpg\"\n\t\t\t\tdata-thumbnail=\"https:\/\/www.biciklisticki-klub-slatina.hr\/wp-content\/gallery\/2011_sastanci\/thumbs\/thumbs_007.jpg\"\n\t\t\t\tdata-image-id=\"30\"\n\t\t\t\tdata-title=\"007\"\n\t\t\t\tdata-description=\"\"\n\t\t\t\tdata-image-slug=\"007\"\n\t\t\t\tclass=\"shutterset_0194e40eb67fe0fa302cf86401ba7808\">\n\t\t\t\t<img\n\t\t\t\t\ttitle=\"007\"\n\t\t\t\t\talt=\"007\"\n\t\t\t\t\tsrc=\"https:\/\/www.biciklisticki-klub-slatina.hr\/wp-content\/gallery\/2011_sastanci\/thumbs\/thumbs_007.jpg\"\n\t\t\t\t\twidth=\"100\"\n\t\t\t\t\theight=\"75\"\n\t\t\t\t\tstyle=\"max-width:100%;\"\n\t\t\t\t\/>\n\t\t\t<\/a>\n\t\t<\/div>\n\t\t\t\t\t\t\t<\/div> \n\t\t\t\n\t\t\t\t<div id=\"ngg-image-7\" class=\"ngg-gallery-thumbnail-box \n\t\t\t\t\t\t\t\t\t\t\t\" \n\t\t\t>\n\t\t\t\t\t\t<div class=\"ngg-gallery-thumbnail\">\n\t\t\t<a href=\"https:\/\/www.biciklisticki-klub-slatina.hr\/wp-content\/gallery\/2011_sastanci\/008.jpg\"\n\t\t\t\ttitle=\"\"\n\t\t\t\tdata-src=\"https:\/\/www.biciklisticki-klub-slatina.hr\/wp-content\/gallery\/2011_sastanci\/008.jpg\"\n\t\t\t\tdata-thumbnail=\"https:\/\/www.biciklisticki-klub-slatina.hr\/wp-content\/gallery\/2011_sastanci\/thumbs\/thumbs_008.jpg\"\n\t\t\t\tdata-image-id=\"31\"\n\t\t\t\tdata-title=\"008\"\n\t\t\t\tdata-description=\"\"\n\t\t\t\tdata-image-slug=\"008\"\n\t\t\t\tclass=\"shutterset_0194e40eb67fe0fa302cf86401ba7808\">\n\t\t\t\t<img\n\t\t\t\t\ttitle=\"008\"\n\t\t\t\t\talt=\"008\"\n\t\t\t\t\tsrc=\"https:\/\/www.biciklisticki-klub-slatina.hr\/wp-content\/gallery\/2011_sastanci\/thumbs\/thumbs_008.jpg\"\n\t\t\t\t\twidth=\"100\"\n\t\t\t\t\theight=\"75\"\n\t\t\t\t\tstyle=\"max-width:100%;\"\n\t\t\t\t\/>\n\t\t\t<\/a>\n\t\t<\/div>\n\t\t\t\t\t\t\t<\/div> \n\t\t\t\n\t\t\t\t<div id=\"ngg-image-8\" class=\"ngg-gallery-thumbnail-box \n\t\t\t\t\t\t\t\t\t\t\t\" \n\t\t\t>\n\t\t\t\t\t\t<div class=\"ngg-gallery-thumbnail\">\n\t\t\t<a href=\"https:\/\/www.biciklisticki-klub-slatina.hr\/wp-content\/gallery\/2011_sastanci\/009.jpg\"\n\t\t\t\ttitle=\"\"\n\t\t\t\tdata-src=\"https:\/\/www.biciklisticki-klub-slatina.hr\/wp-content\/gallery\/2011_sastanci\/009.jpg\"\n\t\t\t\tdata-thumbnail=\"https:\/\/www.biciklisticki-klub-slatina.hr\/wp-content\/gallery\/2011_sastanci\/thumbs\/thumbs_009.jpg\"\n\t\t\t\tdata-image-id=\"32\"\n\t\t\t\tdata-title=\"009\"\n\t\t\t\tdata-description=\"\"\n\t\t\t\tdata-image-slug=\"009\"\n\t\t\t\tclass=\"shutterset_0194e40eb67fe0fa302cf86401ba7808\">\n\t\t\t\t<img\n\t\t\t\t\ttitle=\"009\"\n\t\t\t\t\talt=\"009\"\n\t\t\t\t\tsrc=\"https:\/\/www.biciklisticki-klub-slatina.hr\/wp-content\/gallery\/2011_sastanci\/thumbs\/thumbs_009.jpg\"\n\t\t\t\t\twidth=\"100\"\n\t\t\t\t\theight=\"75\"\n\t\t\t\t\tstyle=\"max-width:100%;\"\n\t\t\t\t\/>\n\t\t\t<\/a>\n\t\t<\/div>\n\t\t\t\t\t\t\t<\/div> \n\t\t\t\n\t\t\t\t<div id=\"ngg-image-9\" class=\"ngg-gallery-thumbnail-box \n\t\t\t\t\t\t\t\t\t\t\t\" \n\t\t\t>\n\t\t\t\t\t\t<div class=\"ngg-gallery-thumbnail\">\n\t\t\t<a href=\"https:\/\/www.biciklisticki-klub-slatina.hr\/wp-content\/gallery\/2011_sastanci\/010.jpg\"\n\t\t\t\ttitle=\"\"\n\t\t\t\tdata-src=\"https:\/\/www.biciklisticki-klub-slatina.hr\/wp-content\/gallery\/2011_sastanci\/010.jpg\"\n\t\t\t\tdata-thumbnail=\"https:\/\/www.biciklisticki-klub-slatina.hr\/wp-content\/gallery\/2011_sastanci\/thumbs\/thumbs_010.jpg\"\n\t\t\t\tdata-image-id=\"33\"\n\t\t\t\tdata-title=\"010\"\n\t\t\t\tdata-description=\"\"\n\t\t\t\tdata-image-slug=\"010\"\n\t\t\t\tclass=\"shutterset_0194e40eb67fe0fa302cf86401ba7808\">\n\t\t\t\t<img\n\t\t\t\t\ttitle=\"010\"\n\t\t\t\t\talt=\"010\"\n\t\t\t\t\tsrc=\"https:\/\/www.biciklisticki-klub-slatina.hr\/wp-content\/gallery\/2011_sastanci\/thumbs\/thumbs_010.jpg\"\n\t\t\t\t\twidth=\"100\"\n\t\t\t\t\theight=\"75\"\n\t\t\t\t\tstyle=\"max-width:100%;\"\n\t\t\t\t\/>\n\t\t\t<\/a>\n\t\t<\/div>\n\t\t\t\t\t\t\t<\/div> \n\t\t\t\n\t\t\t\t<div id=\"ngg-image-10\" class=\"ngg-gallery-thumbnail-box \n\t\t\t\t\t\t\t\t\t\t\t\" \n\t\t\t>\n\t\t\t\t\t\t<div class=\"ngg-gallery-thumbnail\">\n\t\t\t<a href=\"https:\/\/www.biciklisticki-klub-slatina.hr\/wp-content\/gallery\/2011_sastanci\/011.jpg\"\n\t\t\t\ttitle=\"\"\n\t\t\t\tdata-src=\"https:\/\/www.biciklisticki-klub-slatina.hr\/wp-content\/gallery\/2011_sastanci\/011.jpg\"\n\t\t\t\tdata-thumbnail=\"https:\/\/www.biciklisticki-klub-slatina.hr\/wp-content\/gallery\/2011_sastanci\/thumbs\/thumbs_011.jpg\"\n\t\t\t\tdata-image-id=\"34\"\n\t\t\t\tdata-title=\"011\"\n\t\t\t\tdata-description=\"\"\n\t\t\t\tdata-image-slug=\"011\"\n\t\t\t\tclass=\"shutterset_0194e40eb67fe0fa302cf86401ba7808\">\n\t\t\t\t<img\n\t\t\t\t\ttitle=\"011\"\n\t\t\t\t\talt=\"011\"\n\t\t\t\t\tsrc=\"https:\/\/www.biciklisticki-klub-slatina.hr\/wp-content\/gallery\/2011_sastanci\/thumbs\/thumbs_011.jpg\"\n\t\t\t\t\twidth=\"100\"\n\t\t\t\t\theight=\"75\"\n\t\t\t\t\tstyle=\"max-width:100%;\"\n\t\t\t\t\/>\n\t\t\t<\/a>\n\t\t<\/div>\n\t\t\t\t\t\t\t<\/div> \n\t\t\t\n\t\t\t\t<div id=\"ngg-image-11\" class=\"ngg-gallery-thumbnail-box \n\t\t\t\t\t\t\t\t\t\t\t\" \n\t\t\t>\n\t\t\t\t\t\t<div class=\"ngg-gallery-thumbnail\">\n\t\t\t<a href=\"https:\/\/www.biciklisticki-klub-slatina.hr\/wp-content\/gallery\/2011_sastanci\/012.jpg\"\n\t\t\t\ttitle=\"\"\n\t\t\t\tdata-src=\"https:\/\/www.biciklisticki-klub-slatina.hr\/wp-content\/gallery\/2011_sastanci\/012.jpg\"\n\t\t\t\tdata-thumbnail=\"https:\/\/www.biciklisticki-klub-slatina.hr\/wp-content\/gallery\/2011_sastanci\/thumbs\/thumbs_012.jpg\"\n\t\t\t\tdata-image-id=\"35\"\n\t\t\t\tdata-title=\"012\"\n\t\t\t\tdata-description=\"\"\n\t\t\t\tdata-image-slug=\"012\"\n\t\t\t\tclass=\"shutterset_0194e40eb67fe0fa302cf86401ba7808\">\n\t\t\t\t<img\n\t\t\t\t\ttitle=\"012\"\n\t\t\t\t\talt=\"012\"\n\t\t\t\t\tsrc=\"https:\/\/www.biciklisticki-klub-slatina.hr\/wp-content\/gallery\/2011_sastanci\/thumbs\/thumbs_012.jpg\"\n\t\t\t\t\twidth=\"100\"\n\t\t\t\t\theight=\"75\"\n\t\t\t\t\tstyle=\"max-width:100%;\"\n\t\t\t\t\/>\n\t\t\t<\/a>\n\t\t<\/div>\n\t\t\t\t\t\t\t<\/div> \n\t\t\t\n\t\t\t\t<div id=\"ngg-image-12\" class=\"ngg-gallery-thumbnail-box \n\t\t\t\t\t\t\t\t\t\t\t\" \n\t\t\t>\n\t\t\t\t\t\t<div class=\"ngg-gallery-thumbnail\">\n\t\t\t<a href=\"https:\/\/www.biciklisticki-klub-slatina.hr\/wp-content\/gallery\/2011_sastanci\/013.jpg\"\n\t\t\t\ttitle=\"\"\n\t\t\t\tdata-src=\"https:\/\/www.biciklisticki-klub-slatina.hr\/wp-content\/gallery\/2011_sastanci\/013.jpg\"\n\t\t\t\tdata-thumbnail=\"https:\/\/www.biciklisticki-klub-slatina.hr\/wp-content\/gallery\/2011_sastanci\/thumbs\/thumbs_013.jpg\"\n\t\t\t\tdata-image-id=\"36\"\n\t\t\t\tdata-title=\"013\"\n\t\t\t\tdata-description=\"\"\n\t\t\t\tdata-image-slug=\"013\"\n\t\t\t\tclass=\"shutterset_0194e40eb67fe0fa302cf86401ba7808\">\n\t\t\t\t<img\n\t\t\t\t\ttitle=\"013\"\n\t\t\t\t\talt=\"013\"\n\t\t\t\t\tsrc=\"https:\/\/www.biciklisticki-klub-slatina.hr\/wp-content\/gallery\/2011_sastanci\/thumbs\/thumbs_013.jpg\"\n\t\t\t\t\twidth=\"100\"\n\t\t\t\t\theight=\"75\"\n\t\t\t\t\tstyle=\"max-width:100%;\"\n\t\t\t\t\/>\n\t\t\t<\/a>\n\t\t<\/div>\n\t\t\t\t\t\t\t<\/div> \n\t\t\t\n\t\t\t\t<div id=\"ngg-image-13\" class=\"ngg-gallery-thumbnail-box \n\t\t\t\t\t\t\t\t\t\t\t\" \n\t\t\t>\n\t\t\t\t\t\t<div class=\"ngg-gallery-thumbnail\">\n\t\t\t<a href=\"https:\/\/www.biciklisticki-klub-slatina.hr\/wp-content\/gallery\/2011_sastanci\/014.jpg\"\n\t\t\t\ttitle=\"\"\n\t\t\t\tdata-src=\"https:\/\/www.biciklisticki-klub-slatina.hr\/wp-content\/gallery\/2011_sastanci\/014.jpg\"\n\t\t\t\tdata-thumbnail=\"https:\/\/www.biciklisticki-klub-slatina.hr\/wp-content\/gallery\/2011_sastanci\/thumbs\/thumbs_014.jpg\"\n\t\t\t\tdata-image-id=\"37\"\n\t\t\t\tdata-title=\"014\"\n\t\t\t\tdata-description=\"\"\n\t\t\t\tdata-image-slug=\"014\"\n\t\t\t\tclass=\"shutterset_0194e40eb67fe0fa302cf86401ba7808\">\n\t\t\t\t<img\n\t\t\t\t\ttitle=\"014\"\n\t\t\t\t\talt=\"014\"\n\t\t\t\t\tsrc=\"https:\/\/www.biciklisticki-klub-slatina.hr\/wp-content\/gallery\/2011_sastanci\/thumbs\/thumbs_014.jpg\"\n\t\t\t\t\twidth=\"100\"\n\t\t\t\t\theight=\"75\"\n\t\t\t\t\tstyle=\"max-width:100%;\"\n\t\t\t\t\/>\n\t\t\t<\/a>\n\t\t<\/div>\n\t\t\t\t\t\t\t<\/div> \n\t\t\t\n\t\t\t\t<div id=\"ngg-image-14\" class=\"ngg-gallery-thumbnail-box \n\t\t\t\t\t\t\t\t\t\t\t\" \n\t\t\t>\n\t\t\t\t\t\t<div class=\"ngg-gallery-thumbnail\">\n\t\t\t<a href=\"https:\/\/www.biciklisticki-klub-slatina.hr\/wp-content\/gallery\/2011_sastanci\/015.jpg\"\n\t\t\t\ttitle=\"\"\n\t\t\t\tdata-src=\"https:\/\/www.biciklisticki-klub-slatina.hr\/wp-content\/gallery\/2011_sastanci\/015.jpg\"\n\t\t\t\tdata-thumbnail=\"https:\/\/www.biciklisticki-klub-slatina.hr\/wp-content\/gallery\/2011_sastanci\/thumbs\/thumbs_015.jpg\"\n\t\t\t\tdata-image-id=\"38\"\n\t\t\t\tdata-title=\"015\"\n\t\t\t\tdata-description=\"\"\n\t\t\t\tdata-image-slug=\"015\"\n\t\t\t\tclass=\"shutterset_0194e40eb67fe0fa302cf86401ba7808\">\n\t\t\t\t<img\n\t\t\t\t\ttitle=\"015\"\n\t\t\t\t\talt=\"015\"\n\t\t\t\t\tsrc=\"https:\/\/www.biciklisticki-klub-slatina.hr\/wp-content\/gallery\/2011_sastanci\/thumbs\/thumbs_015.jpg\"\n\t\t\t\t\twidth=\"100\"\n\t\t\t\t\theight=\"75\"\n\t\t\t\t\tstyle=\"max-width:100%;\"\n\t\t\t\t\/>\n\t\t\t<\/a>\n\t\t<\/div>\n\t\t\t\t\t\t\t<\/div> \n\t\t\t\n\t\t\t\t<div id=\"ngg-image-15\" class=\"ngg-gallery-thumbnail-box \n\t\t\t\t\t\t\t\t\t\t\t\" \n\t\t\t>\n\t\t\t\t\t\t<div class=\"ngg-gallery-thumbnail\">\n\t\t\t<a href=\"https:\/\/www.biciklisticki-klub-slatina.hr\/wp-content\/gallery\/2011_sastanci\/016.jpg\"\n\t\t\t\ttitle=\"\"\n\t\t\t\tdata-src=\"https:\/\/www.biciklisticki-klub-slatina.hr\/wp-content\/gallery\/2011_sastanci\/016.jpg\"\n\t\t\t\tdata-thumbnail=\"https:\/\/www.biciklisticki-klub-slatina.hr\/wp-content\/gallery\/2011_sastanci\/thumbs\/thumbs_016.jpg\"\n\t\t\t\tdata-image-id=\"39\"\n\t\t\t\tdata-title=\"016\"\n\t\t\t\tdata-description=\"\"\n\t\t\t\tdata-image-slug=\"016\"\n\t\t\t\tclass=\"shutterset_0194e40eb67fe0fa302cf86401ba7808\">\n\t\t\t\t<img\n\t\t\t\t\ttitle=\"016\"\n\t\t\t\t\talt=\"016\"\n\t\t\t\t\tsrc=\"https:\/\/www.biciklisticki-klub-slatina.hr\/wp-content\/gallery\/2011_sastanci\/thumbs\/thumbs_016.jpg\"\n\t\t\t\t\twidth=\"100\"\n\t\t\t\t\theight=\"75\"\n\t\t\t\t\tstyle=\"max-width:100%;\"\n\t\t\t\t\/>\n\t\t\t<\/a>\n\t\t<\/div>\n\t\t\t\t\t\t\t<\/div> \n\t\t\t\n\t\n\t<br style=\"clear: both\" \/>\n\n\t\n\t\t<!-- Pagination -->\n\t\t<div class='ngg-clear'><\/div>\t<\/div>\n<\/p>\n<p>&nbsp;<\/p>\n","protected":false},"excerpt":{"rendered":"<p>Biciklisticki klub Slatina osnovan je 2002. godine. Danas ima oko 40 \u010dlanova razli\u010ditih dobnih skupina, od djece osnovno\u0161kolskog uzrasta,\u00a0 srednjo\u0161kolaca, studenata i gra\u0111ana, zaljubljenika u pedaliranje, prirodu i zdrav \u017eivot. Okolica Slatine, pitomi bre\u017euljci podpapu\u010dkog kraja idealne su staze za bicikliranje, odr\u017eavanje kondicije i zdravlja i svakim danom sve ve\u0107i broj Slatina\u010dana izabire bicikliranje za rekreativnu aktivnost i upotpunjavanje svoga slobodnog vremena. Od 2011. godine klub se uklju\u010dio u natjecanje Slavonske brdsko biciklisti\u010dke lige pa [&hellip;]<\/p>\n","protected":false},"author":1,"featured_media":0,"parent":0,"menu_order":0,"comment_status":"closed","ping_status":"closed","template":"","meta":{"ngg_post_thumbnail":0,"footnotes":""},"_links":{"self":[{"href":"https:\/\/www.biciklisticki-klub-slatina.hr\/index.php?rest_route=\/wp\/v2\/pages\/2"}],"collection":[{"href":"https:\/\/www.biciklisticki-klub-slatina.hr\/index.php?rest_route=\/wp\/v2\/pages"}],"about":[{"href":"https:\/\/www.biciklisticki-klub-slatina.hr\/index.php?rest_route=\/wp\/v2\/types\/page"}],"author":[{"embeddable":true,"href":"https:\/\/www.biciklisticki-klub-slatina.hr\/index.php?rest_route=\/wp\/v2\/users\/1"}],"replies":[{"embeddable":true,"href":"https:\/\/www.biciklisticki-klub-slatina.hr\/index.php?rest_route=%2Fwp%2Fv2%2Fcomments&post=2"}],"version-history":[{"count":0,"href":"https:\/\/www.biciklisticki-klub-slatina.hr\/index.php?rest_route=\/wp\/v2\/pages\/2\/revisions"}],"wp:attachment":[{"href":"https:\/\/www.biciklisticki-klub-slatina.hr\/index.php?rest_route=%2Fwp%2Fv2%2Fmedia&parent=2"}],"curies":[{"name":"wp","href":"https:\/\/api.w.org\/{rel}","templated":true}]}}